5351 (base 6) in base 15?
19c117
535400512 (base 6) to base 16
90fefc
Convert 51085c (base 13) to base 14.
3716ab
-10220221120021 (base 3) to base 2
-111111101000111101000
-122002212 (base 3) to base 8
-30266
f021d (base 16) to base 7
11234404
Convert -6105562 (base 9) to base 13.
-89b157
What is 1351021 (base 6) in base 5?
4423233
Convert -4000421100 (base 5) to base 10.
-7826400
What is -3f7095 (base 16) in base 6?
-225040033
Convert -325053410 (base 6) to base 12.
-1b57266
-231203212 (base 4) to base 6
-3555514
Convert -4438c7 (base 13) to base 14.
-2dbb90
What is 20001110220 (base 3) in base 14?
31607
-a040a (base 15) to base 16
-7bd18
Convert 321242 (base 7) to base 8.
154616
What is -4400260 (base 7) in base 9?
-1008847
What is -392185 (base 10) in base 2?
-1011111101111111001
14003 (base 13) to base 14
d880
Convert 4044043140 (base 5) to base 13.
190a004
Convert -135086 (base 9) to base 10.
-82455
What is 11010010000000100111000 (base 2) in base 5?
3230202332
Convert -142213343 (base 5) to base 9.
-1350406
What is -30321323 (base 4) in base 14?
-15399
3430067 (base 8) to base 3
1202020111210
6a9008 (base 11) to base 13
304c08
What is -1001110100100100101101 (base 2) in base 14?
-4b03c9
-10711412 (base 8) to base 4
-20321030022
What is -3154610 (base 9) in base 3?
-10011211200100
Convert -3174631 (base 10) to base 8.
-14070347
Convert 10221111002 (base 3) to base 8.
227473
-3cb8b2 (base 13) to base 2
-101101001111000100011
What is -225239 (base 14) in base 9?
-2167300
-2200111212202 (base 3) to base 9
-2614782
What is 4738078 (base 9) in base 11?
14a198a
Convert 100110001101011011000 (base 2) to base 9.
2317443
What is -16213127 (base 8) in base 10?
-3741271
What is -14596 (base 15) in base 2?
-1111111101101111
What is 145412 (base 13) in base 9?
837038
Convert -79bb28 (base 12) to base 8.
-7336620
Convert 11865a6 (base 13) to base 14.
a18ad3
167863 (base 10) to base 12
81187
What is 1110000000000011100 (base 2) in base 15?
90e05
23895 (base 12) to base 16
bb31
Convert 7a228 (base 15) to base 12.
168a85
12102212221211 (base 3) to base 12
b7517a
Convert -11113232 (base 5) to base 7.
-555355
What is 3542533 (base 7) in base 9?
751817
What is 52137 (base 8) in base 3?
1002121222
7875cb (base 15) to base 2
10101111010101110011110
What is -42553 (base 9) in base 2?
-110110111111011
-107a3 (base 13) to base 7
-153051
Convert 774958 (base 12) to base 16.
1ceb54
What is 201513031 (base 6) in base 4?
31021133023
1224073 (base 13) to base 6
320441451
Convert 661185a (base 11) to base 7.
200464126
What is -69984 (base 12) in base 7?
-1126066
Convert bee71 (base 15) to base 16.
94495
What is 120001002202 (base 3) in base 14?
79c64
124101304 (base 5) to base 6
21044332
Convert 6200356 (base 9) to base 14.
621290
What is 1033013 (base 4) in base 10?
5063
-1110100010011001 (base 2) to base 16
-e899
What is 14086377 (base 9) in base 2?
11010100100101010010100
-2111002110220 (base 3) to base 9
-2432426
Convert -16c334 (base 15) to base 14.
-20a661
31238845 (base 9) to base 12
50469a2
11220012010122 (base 3) to base 7
31054466
What is -14c626 (base 16) in base 3?
-2120011112221
Convert 513624 (base 8) to base 3.
22122000201
12303001130 (base 4) to base 14
345512
3233312022 (base 4) to base 2
11101111110110001010
Convert -103242 (base 8) to base 4.
-20122202
Convert ea5e0d (base 15) to base 12.
38a0aaa
What is 1000101000111111000 (base 2) in base 16?
451f8
What is -10012120122 (base 3) in base 14?
-19004
141114 (base 8) to base 12
24950
-37a48 (base 14) to base 2
-100001010100100000
Convert -3654654 (base 9) to base 10.
-1984873
What is -35083 (base 13) in base 12?
-48007
What is 3ce2c (base 15) in base 8?
575757
114321031 (base 5) to base 14
101756
-642634 (base 8) to base 3
-101220010210
-386a60 (base 12) to base 11
-581460
Convert -216415 (base 9) to base 10.
-129371
Convert -2806901 (base 10) to base 13.
-7737b6
What is -121d74 (base 14) in base 10?
-620050
What is 807b86 (base 14) in base 2?
10000011111101011101010
-4151b8 (base 14) to base 4
-20122002032
What is -133300203211 (base 4) in base 2?
-11111110000100011100101
What is -1003003233 (base 4) in base 16?
-430ef
Convert 296570 (base 10) to base 9.
501732
123929 (base 12) to base 10
296817
21113100 (base 4) to base 6
453320
Convert 5266a (base 13) to base 7.
1155236
Convert -235403 (base 6) to base 2.
-101000010111011
What is -3172 (base 9) in base 4?
-210131
1128226 (base 10) to base 4
10103130202
Convert -197878 (base 16) to base 2.
-110010111100001111000
221104042 (base 6) to base 10
3974426
-1010010011001001011011 (base 2) to base 11
-15844a5
What is -2656a24 (base 11) in base 16?
-4610ef
-d9696 (base 14) to base 10
-525412
What is 334312000 (base 5) in base 9?
2703723
14e181 (base 15) to base 3
1220021201211
Convert 6484f (base 16) to base 4.
1210201033
Convert 53b86 (base 14) to base 8.
613532
-145030 (base 8) to base 3
-2121222011
Convert -6765210 (base 9) to base 5.
-1413121141
What is 1798a0 (base 11) in base 12?
114097
What is -2320226 (base 7) in base 12?
-12023b
What is -1001101111001000011 (base 2) in base 6?
-10501015
Convert 24212215 (base 6) to base 9.
1383732
What is 17777 (base 12) in base 5?
2041211
Convert 24837 (base 16) to base 7.
1162014
-23932 (base 16) to base 5
-14130324
What is 356206 (base 11) in base 14?
109a80
Convert 254550 (base 8) to base 16.
15968
What is -11040403411 (base 5) in base 4?
-231330133013
Convert -1054330 (base 6) to base 3.
-2202020200
What is 128922 (base 12) in base 10?
305450
What is -7537a (base 13) in base 3?
-101202011002
What is -a1a38 (base 14) in base 7?
-3206601
Convert -10a2244 (base 11) to base 4.
-13110332123
-987391 (base 10) to base 7
-11251456
-151035 (base 9) to base 16
-169c7
What is 11a17a4 (base 14) in base 9?
16817131
Convert 101120110120 (base 3) to base 9.
346416
Convert 102113544 (base 7) to base 6.
333013113
What is 101020022002022 (base 3) in base 8?
24575702
-2520a (base 15) to base 11
-81105
What is -768601 (base 9) in base 12?
-1a1784
What is -40324652 (base 7) in base 16?
-33223a
-45176 (base 15) to base 4
-311220333
Convert a5744 (base 11) to base 13.
55101
Convert 2a11862 (base 12) to base 6.
501501402
Convert 14356040 (base 7) to base 4.
11023230323
Convert -38425b8 (base 12) to base 8.
-52062334
What is 1ddb7 (base 16) in base 6?
2342103
Convert -6d26 (base 15) to base 9.
-34750
Convert 3404044313 (base 5) to base 16.
723fe2
What is -50e97 (base 15) in base 5?
-31201132
1001011010101000111 (base 2) to base 16
4b547
What is -855b27 (base 12) in base 14?
-3cad9d
61359 (base 14) to base 13
8260b
What is -11022231 (base 4) in base 13?
-9831
-2112344 (base 13) to base 16
-997abd
1212002012 (base 3) to base 2
1000111010011101
What is -7938 (base 13) in base 12?
-9983
417899 (base 12) to base 10
1029429
1a9cd1 (base 16) to base 7
20552533
What is -5b1767 (base 12) in base 9?
-2687367
What is -36b97 (base 14) in base 8?
-405561
-28a971 (base 13) to base 7
-11311606
-12820 (base 14) to base 5
-2424000
What is -32821a (base 14) in base 5?
-414301142
What is -3b449 (base 13) in base 16?
-1affb
-f92626 (base 16) to base 14
-2250742
f8832 (base 16) to base 8
3704062
Convert a73463 (base 11) to base 12.
6a9b47
What is -14617203 (base 8) in base 9?
-6265475
Convert -55a0aa4 (base 12) to base 5.
-13143224004
What is 106541124 (base 7) in base 3?
110100112010200
1010111101011110000000 (base 2) to base 4
22331132000
Convert -17753 (base 13) to base 14.
-1267d
What is -1011212 (base 5) in base 8?
-40060
Convert -1231221213 (base 4) to base 14.
-b9967
What is 122201111 (base 3) in base 12?
7587
Convert 133c1 (base 13) to base 5.
2121231
What is -131201304 (base 5) in base 4?
-2131332213
Convert 1ac5a2 (base 13) to base 7.
5546611
What is -209a4 (base 13) in base 10?
-58777
What is -2c4771 (base 13) in base 16?
-10b6d5
What is -101111000000101111 (base 2) in base 7?
-1431253
Convert -2701922 (base 13) to base 12.
-41309bb
Convert -2102011 (base 6) to base 14.
-28ddd
Convert 221233300 (base 4) to base 9.
280501
Convert 8463931 (base 11) to base 10.
14909654
11245055 (base 7) to base 11
613a14
Convert 279a3a (base 11) to base 13.
124387
304612 (base 8) to base 9
163170
Convert 7b02d5 (base 15) to base 10.
5873150
110111100101011100 (